 g(s) = 4*s - 20. Let o be g(6). Suppose -1329 = o*l - 7*l. Is l a prime number?
True
Let d = 1315 + -306. Suppose 0 = -w - 4, -4*w - d = -3*p. Is p prime?
True
Suppose 0 = 10*t - 9*t - 5731. Is t a prime number?
False
Let y be (-3)/(-5) + 12/5. Suppose -4 = y*q - 7. Is 409/(-1)*(q + -2) prime?
True
Suppose 4*i - 9015 = p - 6*p, -5*i = -5*p + 8970. Is p a composite number?
True
Suppose 3*l + 0*l = -h - 31, -5*l = 2*h + 50. Is (3*(-3908)/l)/(1 + 0) composite?
False
Let j(b) = b + 1. Let c(h) = -151*h + 10. Let o(r) = c(r) - 5*j(r). Let x be 4/(-14) + (-36)/21. Is o(x) prime?
True
Suppose 0 = 5*c - 65 - 435. Suppose 7*o = -c + 3495. Is o prime?
False
Let b be 4/(1 + (-63)/65). Suppose z = -z + b. Suppose 4*s - z = 67. Is s prime?
False
Suppose 8*r - 10*r + 12030 = 4*c, 2*r + 9019 = 3*c. Is c prime?
False
Let m(o) = -o**2 + 18*o + 42. Let k be m(20). Is (1 + 0/k)/((-9)/(-8757)) a composite number?
True
Let q(g) = 201*g + 24. Let r be q(-11). Let o = 172 - r. Is o prime?
False
Let u be (176/(-33))/(2/(-3)). Let j(r) = -17*r + 3. Let y be j(u). Let h = -78 - y. Is h a composite number?
True
Suppose 4*q = -5*x + 357805, 2*x - 5*q + 143139 = 4*x. Is x prime?
False
Let y(x) = -14*x - 9. Let t be y(9). Suppose -o + 2*o + 2*c + 6 = 0, 5*o = 3*c - 95. Let q = o - t. Is q prime?
False
Let d(p) = 2*p**3 - 54*p**2 - 85*p + 136. Is d(43) prime?
False
Suppose -2*h + 4*h = 0. Suppose o + 2*o - 1851 = h. Suppose 3*s + 44 = o. Is s a prime number?
True
Suppose 12 = 6*g - 6. Suppose 6*z - 99 = g*z. Suppose z = -c + 174. Is c composite?
True
Let t = 189 + -50. Suppose 1421 = 2*f + t. Is f prime?
True
Let w(i) = 2*i**2 - 8*i - 5. Let x be w(4). Let r be 1/(-1 - (-40)/38). Let k = r + x. Is k prime?
False
Let x(o) be the second derivative of 5*o**4/6 - 2*o**3/3 + 5*o**2/2 - 9*o. Is x(-6) a composite number?
False
Let t = -11544 - -16448. Let m be 3*t/12 - -1. Suppose -19*s = -16*s - m. Is s a composite number?
False
Is ((-7)/(-14))/((-10)/(-156340)) a composite number?
False
Suppose -9*l + 135552 = 30549. Is l a composite number?
True
Suppose -5*m - g = -11663, -3*m - 8*g = -10*g - 7003. Is m composite?
False
Let h = 9 + -7. Let z(f) = -7*f**3 - f**3 - 2*f**3 - f + 2*f**2 - 4 + h. Is z(-3) prime?
False
Is 242372/416 + (-3)/(-8) a composite number?
True
Let p = 4531 - 1467. Suppose -k - 227 = -2*w - 1004, -p = -4*k - 3*w. Is k a prime number?
True
Let z = -2668 - -4725. Suppose t = -c - 3*t - 493, 4*c - t + z = 0. Is (-4)/(-1 + 3) - c a prime number?
False
Suppose 4091 = -78*b + 79*b. Is b prime?
True
Suppose 2*t = 26 + 10. Let y be (60/t)/(4/(-18)). Let q = 32 - y. Is q prime?
True
Let u = -44 - -38. Is 9*97/12*(-2 - u) a prime number?
False
Suppose -5*h = -h - 2*u + 82, -5*u = -5*h - 95. Let j = h + 64. Suppose 0 = -n + 4*n - j. Is n composite?
True
Suppose -5*i = -2*i. Suppose -3*q + 4*q - 3*f = i, f = q - 2. Suppose 32 = q*y - 325. Is y a prime number?
False
Let g(u) = u**3 + 14*u**2 + 11*u - 24. Let f be g(-10). Suppose -2*c - 5 = 5*k - 3, -2*k + 5*c = -5. Suppose k = 2*j - 60 - f. Is j composite?
False
Let k(l) = -l - 11*l - 6 - l + 8. Let r be k(-5). Suppose r + 39 = 2*t. Is t prime?
True
Let z = -342 + 481. Suppose 2*s + m - z = 0, 4*s + s - 2*m = 343. Is s a composite number?
True
Is 40346520/680 + (-4)/34 a prime number?
True
Let n = 253 - -16. Let s = -90 + n. Is s composite?
False
Suppose -8 + 20 = 3*h. Suppose h + 6 = 2*o. Suppose n = -z + 115, 10*n = o*n. Is z prime?
False
Let c be 628*9/60*5. Suppose -6*v + 3*v + c = 0. Is v composite?
False
Suppose u + 12 - 39 = 4*t, -45 = 5*t - 5*u. Let q be 3/(t*2/(-8)). Suppose -q*d - 331 = -3*d. Is d a prime number?
True
Suppose -2*u = 6*u - 120. Let t(a) = a**2 - 16*a + 34. Is t(u) prime?
True
Let h(o) = o**3 + 62*o**2 - 7*o + 39. Is h(-59) composite?
True
Suppose 3*j + 3*d + 753 = 12708, 2*j - d - 7982 = 0. Is j a composite number?
False
Suppose 3*l - 5*q + 2*q = 124002, 0 = -5*q - 5. Is l a composite number?
False
Let q = 9804 + 1043. Is q a prime number?
True
Suppose 24 = -4*t + 5*t. Is ((-2)/t*-8049)/(2/8) a prime number?
True
Let j = 177530 - 124921. Is j prime?
True
Is (-5)/7 - 301216/(-28) composite?
True
Suppose -2*p + 696 = -u - 60, 5*p = 3*u + 1889. Is p prime?
True
Let r = 150 + 16183. Is r a prime number?
True
Let w be (28 - (1 + 1)) + 2. Suppose 3*g = 38 + w. Is g composite?
True
Let o = -23000 - -35851. Is o a prime number?
False
Let o(r) = 165*r + 4. Let b = 31 - 28. Is o(b) a prime number?
True
Suppose 19*y - 160 = 14*y. Suppose 2*w = -4*t - 2*w + y, 27 = 4*t + 3*w. Suppose t*n - 5*n = -1042. Is n a composite number?
False
Let u = 279 - 175. Suppose i - u = -x + 3*i, 0 = -i - 1. Let q = x - 11. Is q prime?
False
Let z be 8/(-12) - 1238/6. Let d = 630 + z. Suppose 4*t - d = -115. Is t composite?
True
Let s(i) be the third derivative of i**6/3 - i**5/60 + 4*i**2. Let p be s(-1). Is (9/3 + p)/(-2) prime?
True
Let s(l) = 12*l**2 - 18*l - 137. Is s(-10) composite?
True
Suppose 4*q - 1 = -0*q + h, 5*h = -4*q - 5. Suppose 4*z + 2*f - 8388 = -0*z, -5*z + 4*f + 10511 = q. Is z prime?
True
Let w be (9/3)/3 - 0. Let p(f) = 352*f**3 + 3*f**2 + 2*f + 2. Let i(y) = -2*y**3 + y**2 + 1. Let o(h) = -3*i(h) + p(h). Is o(w) a prime number?
True
Let z be (-2)/3 + 1144/6. Suppose -3*j - 3*d - 2*d = -z, 3*j - 194 = -4*d. Suppose b - j = -b. Is b a prime number?
False
Let k(a) be the third derivative of 199/24*a**4 + 0*a + 1/3*a**3 + 0 - 6*a**2. Is k(1) composite?
True
Let l(m) = -m - 15. Let p be l(-12). Is p + (4/18 - (-157850)/45) a prime number?
False
Let k = -5681 + 11499. Is (k/3)/((-14)/63*-3) a composite number?
False
Suppose 4*u + 118 = 330. Let s = u + -16. Is s a prime number?
True
Let x be (-24 - -21416)*(-2)/(-4). Suppose -3021 = 5*p - x. Is p a composite number?
True
Suppose 3*w - 3*u = 2551 - 1024, -8 = 2*u. Is w a prime number?
False
Let c = 36309 + -24508. Is c a composite number?
False
Suppose -105822 = -10*n + 4*n. Is n prime?
False
Let o = 3 - 9. Let z(a) = a**3 - 2*a**2 + 10*a + 9. Let r be z(o). Is r/2*4/(-2) composite?
True
Suppose -4*r + 2*a = -38, 12 + 8 = -4*a. Suppose r*i - 254 = 5*i. Is i composite?
False
Suppose 0 = -4*p + 5*v + 10595, -p + 2646 = -3*v - v. Is ((-4)/(-5))/(20/p) a composite number?
True
Suppose 5*y = -50 - 50. Is 1651/4 + (1 - (-15)/y) prime?
False
Suppose -5*z + 5*h + 5 = -5, 4*h - 4 = 2*z. Suppose -2069 = -5*s + z*w - 4*w, -s = 5*w - 403. Is s composite?
True
Suppose 9 = 5*x - 1. Suppose x*p + 2*z = -p + 427, -2*p - 4*z + 274 = 0. Is p a prime number?
False
Let v = -872 + 2018. Let y be v*((-9)/(-6))/3. Suppose -20*o + y = -17*o. Is o composite?
False
Let o be (-7)/(-14) - 14/(-4). Let b(k) = 11*k + 5. Let w be b(o). Let j = w + -28. Is j a composite number?
True
Let n(l) = l - 5. Let q be n(0). Let t = -1044 + 1006. Let z = q - t. Is z composite?
True
Let h(p) = 182*p**2 + 3*p + 17. Is h(-8) a prime number?
False
Suppose 2*w + 2*w = -8. Let k be (-24)/(-40) - w/5. Is ((-1)/k*67)/(-1) a prime number?
True
Suppose -5*m = h - 2*h + 28, 4*h - 43 = -3*m. Let b = 16 - h. Suppose -580 = -q - b*q. Is q a prime number?
False
Is (2 + 0)/((56/(-57841))/(-4)) composite?
False
Suppose 0 = -p + b + 2*b + 3, 2*p - 4*b = 6. Let d(w) = 110*w**2 - 5. Is d(p) a prime number?
False
Suppose -4*z = i - 14760, -12504 - 5939 = -5*z - 3*i. Is z composite?
False
Let l(a) = 25*a + 138. Is l(16) a composite number?
True
Let t = 32 - 32. Suppose 5*m + 3*u - 2479 = t, -5*u = m - 3*u - 493. Is m composite?
True
Is (4 - 34777 - 6)*1/(-3) prime?
True
Let t(w) = 15*w - 1. Let i = -14 + 22. Is t(i) composite?
True
Suppose 2*s - 21 = -1. Suppose 0 = 2*l + 3*l - s. Suppose -4*r + 316 = -5*v, -l*r + 9 + 149 = -v. Is r a composite number?
False
Let h = 28 - 23. Suppose 2*f - 2*m = -3*m + 7, 11 = h*f - 4*m. Is 477 + (f - (-3 + 4)) a composite number?
False
Let c be 16 - (-4 + 1 + 4). Suppose c*a - 14*a = 1211. Is a a prime number?
False
Suppose 3*y - 4*y + 25865 = 0. Let d = y + -7266. Is d composite?
True
Is (-596871)/(-81) + (50/(-18) - -3) composite?
False
Let f = -850 + 1647. Is f composite?
False
Let n be -4 + (34 + -2)/4. Suppose 1847 + 1157 = n*p. Is p a prime number?
True
Is (15 + (-5 - 136424))/((-4)/2) a composite number?
False
Let b(h) be the second derivative of -7*h**5/4 - h**4/3 + h**3/2 + 7*